-75))*-210?
5
Let l(g) = -21*g + 15. Let o(a) = -8*a**2 - 4*a + 3. Let j be o(3). Let y be 1/3 - (-594)/j. What is the tens digit of l(y)?
6
Suppose 641*o - 649*o = -61128. What is the thousands digit of o?
7
Let l = 25 + -23. Suppose q + 4*z = l*z, 0 = 5*q - z. Suppose 3*b - 2 - 247 = q. What is the units digit of b?
3
Suppose -5*t - 4*f + 8676 = -18289, -f = 0. What is the hundreds digit of t?
3
Let c = 8433 - -5115. Suppose 30*x = 18*x + c. What is the thousands digit of x?
1
Let u(p) = -57*p - 97 + 13 + 2*p**2 + p**2 + 80*p. What is the hundreds digit of u(14)?
8
Let m = -261 + 266. Suppose 0 = -m*r + 3*j + 4179, -5*r - j - 4183 = -10*r. What is the units digit of r?
7
Suppose -3*c + 2512 = 2*a - 934, 4*a + 3*c - 6886 = 0. What is the hundreds digit of a?
7
Let s = 37 - 25. Suppose w + 891 = s*w. What is the tens digit of w?
8
Let x = 24930 - 16712. What is the units digit of x?
8
Let m = 15513 + -3562. What is the hundreds digit of m?
9
Let j(y) = -98*y + 29. Suppose -23*b - 67 = 25. What is the hundreds digit of j(b)?
4
Suppose 4*n + 1783296 = 146*n + 50*n. What is the hundreds digit of n?
2
Suppose 4*m = 2*t + 10254, 3*m - 7852 + 144 = -2*t. What is the tens digit of m?
6
Suppose 56 = 2*f - f - 2*k, 2*f - k = 127. Suppose -4*q = -f - 110. Suppose 5*l - q - 376 = 0. What is the tens digit of l?
8
Let r(p) = p + 33. Let s be r(16). Let y(v) = -7*v - 44. Let b(j) = 168*j + 1057. Let c(l) = s*y(l) + 2*b(l). What is the units digit of c(-17)?
7
Let j be (9 - 10)/(1/170). Let q = j - -302. What is the units digit of q?
2
Let d = 20690 - 9941. What is the ten thousands digit of d?
1
Let c(h) = 120*h + 1339. What is the tens digit of c(44)?
1
Suppose -6*k + 22 = -4*k. Let x = k - 13. Let c = x - -86. What is the tens digit of c?
8
Let c be (5 - 3)*(-92)/(-1). Suppose 18*s - 4298 - c = 0. What is the hundreds digit of s?
2
Suppose 3*s = p + 3*p + 11, 0 = s - 2*p - 3. Let v(k) = 2*k**3 + 6*k**2 + 5*k - 15. What is the units digit of v(s)?
0
What is the hundreds digit of ((-221723)/10)/(-1)*2 - (-260)/650?
3
Let o = -91 - -17. Let a = 332 + o. What is the units digit of a?
8
Let z(x) = 13*x - 24. Suppose 42 = -n - 5*l, 7*l - 48 = 4*n + 3*l. Let d be z(n). Let a = 356 + d. What is the units digit of a?
1
Suppose 0 = 4*h + 16, 3*a - 2368 - 1720 = 5*h. Suppose -30*p - a = -33*p. What is the units digit of p?
2
Let h(l) be the second derivative of -l**5/20 - l**4/3 - 4*l**3/3 + 17*l**2 - 12*l. Let x be h(-10). Suppose 2*v = -5*v + x. What is the hundreds digit of v?
1
Let w(u) = 1097*u + 143. What is the tens digit of w(7)?
2
Let t(p) = 2*p**2 - 70*p - 875. What is the thousands digit of t(-86)?
9
What is the ten thousands digit of (36031 + 560/(-28))*(1 - 0)?
3
Let r = -23 - -26. Let x = r - -132. Suppose 5*k - x = 5*m, -4*k + k + 106 = 2*m. What is the units digit of k?
2
Suppose -38*g - 29*g = -168103. What is the tens digit of g?
0
Let a be 6/2 - (-6)/30*0. Suppose 52 = a*u - f, 3*f + 5 = 3*u - 43. Suppose -5*w + u + 202 = 0. What is the units digit of w?
4
Suppose -5*j + 2*o + 1681 = 0, -o = -5*j + 475 + 1203. Suppose 5*c = 10*c + j. Let m = 189 + c. What is the units digit of m?
2
Let v(t) = 2589*t - 1922. What is the units digit of v(4)?
4
Let w(m) = 4*m**3 - 3*m**2 + 8*m - 5. Let t(s) = 15*s**3 - 13*s**2 + 34*s - 21. Let x(c) = -6*t(c) + 26*w(c). What is the tens digit of x(2)?
1
Let z be (0 - -1)/(-4 + (-21)/(-6)). Let q be 7/z*(-18)/21. Suppose 5*a - 405 = -5*u, -2*u = a - q*a - 146. What is the units digit of u?
7
Suppose 0 = 7*z - 32*z. Suppose 4*q - g + 6*g - 1171 = z, 4*q + 3*g = 1173. What is the tens digit of q?
9
Let y(n) = -15*n**2 - 26*n - 6. Let l(m) = -m**3 + 16*m**2 + 27*m + 4. Let j(p) = 2*l(p) + 3*y(p). What is the tens digit of j(-10)?
3
Suppose 24*t + 19*t = 36249. What is the tens digit of 4*(2 + t/12)?
8
Suppose -4*m + 4 = -2*u, 2*m - 5*m + 8 = u. What is the hundreds digit of (m + -3)/((-1)/(-65))*-2?
1
Let f = 62 + 34. Suppose 349*z - 353*z = -f. What is the tens digit of z?
2
Suppose -9*c - 677 = 142. What is the units digit of (-81522)/c + 44/(-52) + 1?
6
Suppose -2*g - 60 = -5*g. Suppose -q + 28 = -2*t, 3*q + g = -3*t - 4. What is the tens digit of (-4)/(3/(13*t))?
0
Let n = -4494 - -8761. Suppose 18*u - 5759 = n. What is the hundreds digit of u?
5
Let m = 69 + -82. Let x = 27 + m. Let l = 32 + x. What is the tens digit of l?
4
Let u(r) = 19*r**2 + 2*r + 7. Let l be u(-5). Let f = l + -226. What is the hundreds digit of f?
2
Let m(g) = 109*g + 2*g**2 - 102*g - 22*g**3 + 14 + 5*g**2. What is the tens digit of m(-3)?
5
What is the units digit of (-654733)/(-174) - 7/(-42)?
3
What is the hundreds digit of (-1819 + -1)*7800/(-156)?
0
Suppose 838*b = 833*b + 585. What is the units digit of b/(-27)*-93 - (0 - 1)?
4
Let c(l) = -11*l + 216. Let d be c(20). Let w be (-2)/(-7) + (-5042)/7. What is the units digit of 22/d*w/24?
5
Suppose 0 = -2*i + 2*y + 18276, -153*y - 4 = -151*y. What is the units digit of i?
6
Let r = 26 + -11. Let x = -533 - -548. What is the units digit of 2/x + 193/r?
3
Let r(m) = -m**2 - m + 18. Let v be r(12). Let s = v - -135. What is the tens digit of 211 - (-10)/(-1 - s)?
1
Let d be (-4 - -5)*((2772 - -2) + -5). Let h = d + -1649. What is the thousands digit of h?
1
What is the ten thousands digit of 3 - ((-150416)/14 - -5)?
1
Let g(t) = -36*t**2 - 2*t - 10. Let l be g(5). Suppose -3*s - 2 = 16. What is the tens digit of l/(-12) + (4/s - -1)?
7
Let o be 15342/13 - 60/390. Let d = -784 + o. What is the units digit of d?
6
What is the tens digit of 41/(3690/(-3564))*-15?
9
Let x = -116 + 140. Suppose -14*w - 2420 = -x*w. What is the units digit of w?
2
Let h = -118 + 110. What is the units digit of 2/h - (-2943)/12?
5
Let c = -494 + 510. Suppose c*q = 22*q - 3426. What is the hundreds digit of q?
5
Suppose 4*b + 17 = 5*o, -o + 19 = 2*o + 2*b. Let h be ((-42)/(-5))/(19/o - 4). What is the tens digit of 506/6 - 28/h?
8
Let a be 13851/39 - (148/(-52) - -3). Suppose -2*b + a = 5*t - 44, -b + t + 182 = 0. What is the units digit of b?
7
Suppose -4*d - 4*y = -7*y, -19 = -5*d - y. Suppose -c = 3 - 2, 0 = -3*u + d*c + 1236. What is the hundreds digit of u?
4
What is the ten thousands digit of (-304)/2280 + 461346/45*1?
1
What is the tens digit of 1*(8 + -7) + -2998*(-2)/4?
0
Let n(z) = 3594*z + 2825. What is the ten thousands digit of n(7)?
2
Let t(j) = -2*j + 32. Let r be t(12). What is the units digit of ((-4)/r)/(5667/1890 + -3)?
5
Let i = -808 - -2743. Let j = i + -1169. What is the tens digit of j?
6
Let j(f) = -382*f**3 - 2*f - 1. Suppose 10*b = 4*b - 6. Let w be j(b). Let a = 578 - w. What is the units digit of a?
5
Let g = 605 - 393. Let w = g + 26. What is the units digit of w?
8
Let k(t) = t**2 + 6*t - 11. Suppose -14 - 26 = 5*f. Let d be k(f). Suppose 319 + 46 = d*r. What is the tens digit of r?
7
What is the tens digit of (5461/(-508))/((-1)/4376)?
4
Suppose l - 13 = -12*l. Let a(n) = 442*n + 17. What is the tens digit of a(l)?
5
Let x(m) = m**3 - 38*m**2 + 460*m - 44. What is the units digit of x(32)?
2
Suppose 3*w = 9 - 3. Suppose 4*z = -w*x + 22, 3*z - 2*x - 21 = -5*x. Suppose 0 = 2*i + z*i - 486. What is the tens digit of i?
8
Suppose 0 = -3*z - w + 1510, -46 - 2484 = -5*z - 5*w. Let r = z - 193. What is the hundreds digit of r?
3
Let y(j) = -j**3 - 13*j**2 - 2*j + 8. Let q be y(-13). Let h be ((-2)/4*q)/((-4)/8). Suppose -29*u + h*u = 175. What is the tens digit of u?
3
Let a = -28 + 45. Suppose a*c + 1910 - 5871 = 0. What is the hundreds digit of c?
2
Let q(b) = -7*b - 3. Let l(m) = -8*m - 4. Let p(f) = -4*l(f) + 3*q(f). Let h be -3*4/(-12) + 9. What is the units digit of p(h)?
7
Let t be -5 + 2 + 1 - 117. Let f(d) = d**3 + 2*d**2 - 38*d + 14. Let n be f(-7). Let r = n - t. What is the hundreds digit of r?
1
Let v(m) = 790*m**2 - 21*m + 188. What is the units digit of v(-6)?
4
What is the units digit of (-3 + 71)*-10*(-10)/200*323?
2
Let d = -50 - -55. Suppose 11*j + 2*n + 107 = 12*j, -d*j + 595 = 2*n. What is the units digit of j?
7
Let a(u) = -194*u + 200. What is the thousands digit of a(-17)?
3
Let v be -17 - -38*(-9)/(-18). Suppose -u + 131 = -0*u. Suppose 994 - 328 = 5*k - r, -v*r + u = k. What is the units digit of k?
3
Let k be (28/(-49))/(12/126). What is the units digit of 162/(9